68. Determine r(19).
958
Let v(z) = z**3 - 15*z**2 + 40*z - 48. Calculate v(12).
0
Let h(c) = c**3 + 61*c**2 - 130*c - 110. Give h(-63).
142
Let h(j) = -j**2 - 28*j + 23. Give h(-27).
50
Let d(v) = -947*v + 13268. Calculate d(14).
10
Let c(s) = 21*s + 282. Give c(-14).
-12
Let v(x) = -3*x**3 + 6*x**2 - 8*x - 4. Calculate v(3).
-55
Let r(f) = -48*f + 201. Determine r(4).
9
Let u(j) = -18*j + 685. Calculate u(38).
1
Let a(j) = 42*j - 223. What is a(5)?
-13
Let c(k) = -k**3 + 4*k**2 - 4*k - 17. Calculate c(-2).
15
Let u(j) = 3*j**3 - 935*j**2 - 2834*j - 12. What is u(-3)?
-6
Let x(m) = 28*m**3 - 84*m**2 + 67*m - 212. Give x(3).
-11
Let q(n) = n**2 - 149*n - 8232. Determine q(-43).
24
Let a(z) = -z**3 + 65*z**2 + 139*z + 127. What is a(67)?
462
Let n(d) = -2*d - 350. Determine n(-19).
-312
Let u(x) = -x**3 - 14*x**2 + 48*x + 70. Give u(4).
-26
Let f(n) = -514*n + 98181. Determine f(191).
7
Let y(o) = o**2 + 4*o - 180. Determine y(11).
-15
Let d(y) = -9*y**3 + 3*y**2 - 6*y + 4. What is d(1)?
-8
Let h(v) = 25*v**3 + 13*v**2 - 2. Give h(-1).
-14
Let k(w) = w**3 + 101*w**2 - 87*w + 1383. What is k(-102)?
-147
Let m(p) = -4*p**2 - 198*p + 222. Determine m(-50).
122
Let g(u) = -3*u**2 - 244*u - 4395. Give g(-27).
6
Let v(h) = h**3 + 32*h**2 - 84*h - 299. Determine v(-34).
245
Let x(p) = -6*p**3 - 9*p**2 - 33*p - 32. Give x(-3).
148
Let j(m) = -25*m - 170. Determine j(-16).
230
Let d(h) = -46*h + 304. Determine d(6).
28
Let j(a) = a**3 + 13*a**2 - 374*a - 5041. Determine j(-14).
-1
Let y(g) = -g**3 - 79*g**2 - 190*g - 2788. Calculate y(-77).
-16
Let f(g) = -6*g**2 - 209*g + 1479. Calculate f(7).
-278
Let v(z) = 2*z**2 + 337*z - 2994. Calculate v(9).
201
Let a(p) = 88*p**3 + 2*p**2 - 2*p + 1. Give a(1).
89
Let b(v) = -2*v**3 - 54*v**2 + 7*v + 28. What is b(-27)?
-161
Let f(j) = -2*j**3 + 14*j**2 - 23*j + 171. Give f(6).
105
Let b(x) = 10*x**3 + 41*x**2 + 12*x + 13. Calculate b(-4).
-19
Let b(j) = 177*j - 204. Give b(1).
-27
Let d(p) = -3*p**2 - 116*p + 1748. Give d(-50).
48
Let x(k) = k**3 - 14*k**2 + 108*k - 401. Determine x(7).
12
Let j(g) = -3*g**2 + 25*g + 19. Determine j(6).
61
Let h(k) = -4*k**2 - 73*k - 27. What is h(-19)?
-84
Let x(g) = 2*g**2 - 50*g - 21. Give x(15).
-321
Let w(p) = -6*p**3 + 62*p**2 - 109*p - 21. Determine w(8).
3
Let v(g) = g**3 + 66*g**2 + 58*g - 481. Determine v(-65).
-26
Let d(f) = 102*f + 9600. Give d(-94).
12
Let z(l) = 5*l**2 - 22*l + 50. Determine z(4).
42
Let i(s) = 181*s - 7774. Give i(43).
9
Let q(w) = -13*w - 25. Determine q(-11).
118
Let n(h) = 132*h + 7644. Give n(-58).
-12
Let q(b) = -9*b + 175. Give q(-48).
607
Let f(k) = -174*k - 23. Give f(-2).
325
Let c(b) = -4*b**3 + 36*b**2 - 4. Determine c(-2).
172
Let m(f) = -2*f**3 - 60*f**2 - 169*f - 5. What is m(-3)?
16
Let n(t) = t**2 - 135*t + 4480. Determine n(55).
80
Let i(s) = -200*s + 799. Determine i(5).
-201
Let b(f) = 2205*f + 15400. Determine b(-7).
-35
Let b(x) = -713*x + 2853. Determine b(4).
1
Let a(b) = -497*b - 3039. Determine a(-6).
-57
Let t(s) = 2*s**2 - 46*s - 293. What is t(-13)?
643
Let a(u) = -225*u + 405. Determine a(4).
-495
Let i(h) = 257*h - 1476. Give i(4).
-448
Let s(o) = -o**2 - 11*o + 181. Determine s(-10).
191
Let q(s) = 7*s + 955. Calculate q(-53).
584
Let r(w) = -23*w - 18. Give r(-9).
189
Let w(g) = -4*g + 102. Determine w(23).
10
Let r(v) = v**2 - 36*v + 219. Give r(7).
16
Let y(j) = j**2 - 76*j - 149. What is y(-2)?
7
Let d(k) = k**3 - 34*k**2 - 341*k - 18. What is d(-8)?
22
Let g(k) = -2*k**2 + 47*k - 113. What is g(21)?
-8
Let a(k) = -2*k**3 - 9*k**2 - 13*k - 133. Give a(-5).
-43
Let d(t) = 2*t**2 + 5*t - 271. Calculate d(-13).
2
Let t(d) = 123*d**3 - 4*d**2 + 2*d + 5. Calculate t(-1).
-124
Let v(n) = -42*n**2 + 60*n + 9. What is v(2)?
-39
Let r(p) = -3*p**3 - 15*p**2 + 9*p + 74. Calculate r(-4).
-10
Let m(b) = -b**2 + 91*b - 1661. Calculate m(25).
-11
Let m(s) = 43*s**2 - 3*s + 4. Give m(-1).
50
Let a(w) = -w**2 - 3*w + 122. Give a(-13).
-8
Let k(s) = -2*s**3 - 73*s**2 + 121*s + 70. What is k(-38)?
-196
Let i(x) = -364*x - 1468. Calculate i(-4).
-12
Let p(w) = w**3 - 3*w**2 + 10*w - 9. Give p(2).
7
Let i(a) = 2*a**2 - 155*a - 60. Determine i(78).
18
Let w(h) = -2*h**2 + 414*h + 2846. What is w(-7)?
-150
Let i(u) = 8*u**3 - 92*u**2 - 26*u - 264. Give i(12).
0
Let g(n) = 426*n + 1729. Give g(-4).
25
Let o(j) = -j**2 - 35*j + 582. Calculate o(-47).
18
Let w(g) = 141*g + 411. Give w(-2).
129
Let v(z) = -z**3 + 28*z**2 - 32*z + 47. Calculate v(27).
-88
Let p(y) = -13*y + 85. Give p(6).
7
Let v(d) = d**3 + 8*d**2 - 7*d + 11. Give v(-7).
109
Let v(n) = -2*n**3 + 6*n**2 - 8*n + 13. Calculate v(3).
-11
Let d(a) = 8*a + 389. Give d(-21).
221
Let a(y) = -y**2 + 19*y + 76. Calculate a(-3).
10
Let h(g) = 969*g - 16480. What is h(17)?
-7
Let o(p) = 904*p - 6338. Calculate o(7).
-10
Let g(i) = -i**3 - 3*i**2 - 16*i - 59. Give g(-5).
71
Let u(q) = -141*q - 18327. Calculate u(-130).
3
Let q(y) = 16*y**2 + 57*y + 109. Give q(-2).
59
Let j(n) = n**3 - 151*n**2 - 317*n + 1697. Give j(153).
14
Let n(w) = 37*w + 35. Determine n(-8).
-261
Let w(f) = 2*f**3 + 11*f**2 + 18*f + 4. What is w(-2)?
-4
Let w(a) = a**3 + 108*a**2 + 1620*a + 11. Determine w(-90).
11
Let y(x) = -x**3 + 362*x**2 - 8099*x - 4391. Give y(338).
3
Let v(s) = -s**3 + 9*s**2 + 13*s - 69. Give v(9).
48
Let h(z) = -3*z**3 - 5*z**2 + 18. Determine h(-4).
130
Let t(o) = -161*o + 1774. Give t(11).
3
Let z(b) = -94*b**3 + 2*b**2 + 3*b - 2. What is z(1)?
-91
Let t(u) = -u**3 - 11*u**2 - 12*u - 128. What is t(-11)?
4
Let b(t) = -7*t**2 - 24*t + 23. Determine b(1).
-8
Let r(d) = 4*d**2 - 20*d - 1344. Determine r(-16).
0
Let p(f) = -109*f + 442. Give p(4).
6
Let p(h) = -335*h - 12. Give p(1).
-347
Let c(a) = a**3 + 49*a**2 + 35*a - 802. Calculate c(-48).
-178
Let d(c) = -c**3 - c**2 - 2*c + 2. Calculate d(7).
-404
Let c(j) = -264*j + 19006. Calculate c(72).
-2
Let h(v) = 244*v - 910. Determine h(4).
66
Let s(i) = i**2 + 10*i - 1562. Determine s(34).
-66
Let a(n) = 50*n**3 + 57*n**2 + 3*n + 2. Determine a(-1).
6
Let w(f) = -26*f + 661. Calculate w(27).
-41
Let v(z) = 106*z - 1379. Determine v(13).
-1
Let o(u) = 7*u**2 - 132*u + 3. Give o(6).
-537
Let r(y) = y**3 - 8*y**2 - 12*y + 51. What is r(9)?
24
Let d(p) = -115*p - 84. Give d(-2).
146
Let t(a) = 74*a + 913. Calculate t(-12).
25
Let n(f) = f**3 - 10*f**2 - 377*f - 40. Determine n(-15).
-10
Let r(t) = -t**3 - 44*t**2 - 50*t - 80. Calculate r(-43).
221
Let c(n) = 6*n + 81. Give c(5).
111
Let q(w) = -20*w - 4. Give q(-2).
36
Let x(p) = -3*p**3 + 14*p**2 - 20*p - 1. What is x(4)?
-49
Let a(c) = -36*c + 792. What is a(22)?
0
Let x(g) = -42*g - 27. Calculate x(1).
-69
Let w(o) = -7*o**2 + 116*o - 442. What is w(6)?
2
Let b(t) = 31*t - 675. Determine b(25).
100
Let f(h) = -h**3 + 4*h**2 + 3*h - 201. Calculate f(-6).
141
Let z(p) = p**3 - 51*p**2 - 157*p - 304. Determine z(54).
-34
Let n(i) = -10745*i + 96735. Give n(9).
30
Let l(u) = -u**3 + 12*u**2 - 16*u - 11. Determine l(12).
-203
Let m(g) = -589*g - 9263. Calculate m(-16).
161
Let v(h) = -h**3 - 25*h**2 - 18*h - 150. Give v(-25).
300
Let l(a) = -1264*a - 1275. Determine l(-1).
-11
Let d(n) = -228*n - 72276. Give d(-317).
0
Let y(k) = k**3 - 9*k**2 + 13*k + 17. What is y(3)?
2
Let d(o) = o**3 + 3*o**2 + 74*o + 236. What is d(-5)?
-184
Let n(c) = c**3 + 151*c**2 - 952*c - 1580. Calculate n(-157).
-10
Let g(d) = d**2 - 8*d + 12. Calculate g(6).
0
Let o(y) = 238*y - 605. Calculate o(3).
109
Let w(u) = -42*u + 596. Determine w(10).
176
Let j(i) = -371*i - 1123. Calculate j(-4).
361
Let f(j) = 75*j**2 + 189*j + 188. What is f(-1)?
74
Let x(d) = 2*d**3 + 6*d**2 - 5*d - 10. Determine x(-6).
-196
Let s(y) = -2*y**2 - 3468*y - 20730. Give s(-6).
6
Let j(t) = -320*t - 760. What is j(-2)?
-120
Let y(p) = p**2 - 46*p + 146. Calculate y(42).
-22
Let v(b) = -b**3 - 37*b**2 - 67*b - 11. Calculate v(-35).
-116
Let x(o) = o**2 - 218*o - 2991. Calculate x(-13).
12
Let h(d) = -2*d**3 + 66*d**2 + 142*d - 14. Calculate h(35).
56
Let r(v) = 226*v**2 - 1128*v + 1. Determine r(5).
11
Let m(c) = -15*c**2 + 74*c + 161. What is m(-2)?
-47
Let s(w) = 42*w**2 + 1345*w + 38. Calculate s(-32).
6
Let t(j) = -57*j - 347. Calculate t(-7).
52
Let y(l) = -70*l - 1322. Determine y(-19).
8
Let o(f) = -2*f**2 - 27*f - 112. What is 